vided by t(-4)?
5
Suppose 1231*b - 1204*b = 3807. Calculate the remainder when b is divided by 133.
8
Suppose -6 = 4*m + h - 43, 4*h = 4*m - 12. Suppose 0 = 16*y + 778 - 3274. Let x = -135 + y. Calculate the remainder when x is divided by m.
5
Suppose -4*h + 186 = 130. Let a = 66 + 15. Calculate the remainder when a is divided by h.
11
Let q(s) = -s**3 + s**2 - 348. Let a be q(0). Calculate the remainder when 2/((-100)/34 + 3) is divided by (a/(-145))/(2/10 - 0).
10
Suppose -3*f = -41 - 25. Suppose -s + f = 4*i - 30, 4*i - 5*s - 52 = 0. What is the remainder when 45 is divided by i?
6
Let b = -28 + 21. What is the remainder when 27 is divided by b/(-1 + 2 + -2)?
6
Suppose 0 = 4*n + 64 - 44. What is the remainder when 0 - -18 - n/(0 - 5) is divided by 4?
1
Suppose -156 = 6*j - 19*j. What is the remainder when 1329 is divided by j?
9
Suppose w + 5*f - 21 = 2*f, -2*f - 71 = -5*w. Let s(k) = k**3 + 26*k**2 - 60*k - 53. Calculate the remainder when s(-28) is divided by w.
14
Suppose 4*d - 115 = -5*v, d + 3*v = -11 + 45. Calculate the remainder when d is divided by (-2 - -41)*(-1)/(-3).
12
Let u = 6 + 12. Let j(n) = -n**3 + 18*n**2 + 4*n - 25. Suppose 4*w - 41 = 23. Calculate the remainder when j(u) is divided by w.
15
Let m = -1369 + 1382. Calculate the remainder when 16 is divided by m.
3
Let l(v) = -v + 22. Let m be l(-12). Suppose x + 0*x - 4*z - 3 = 0, -4*x = -5*z - m. Calculate the remainder when 16 is divided by x.
5
Let i(w) = -w**2 - 14*w - 42. Calculate the remainder when 17 is divided by i(-8).
5
Let f(d) = 294*d**2 + 37*d + 38. What is the remainder when f(-1) is divided by 23?
19
Suppose -k + 42 = 2*k + 5*g, 36 = 3*k + 3*g. Suppose 33 + 11 = 4*x. Let o(v) = v + 12. What is the remainder when o(x) is divided by k?
5
Let i(b) be the first derivative of 5*b**2/2 - 3*b - 3. Calculate the remainder when (3/2)/(24/512) is divided by i(4).
15
Let h = 560 + -382. What is the remainder when h is divided by 14?
10
Let k(j) = j**3 + 101*j**2 - 315*j - 286. Let g = 70 - 23. Calculate the remainder when g is divided by k(-104).
21
What is the remainder when (-6)/(-15) + 0 + (-5144)/(-40) is divided by 19?
15
Let a be (-1)/4 + (-167)/4. Calculate the remainder when 16 is divided by ((-12)/18)/(4/a).
2
Let v = 234 - 192. What is the remainder when 78 is divided by v?
36
Suppose 0 = 4*r + 8 + 36. Let n(y) = -26*y + 36. Let b(h) = 5*h - 7. Let a(p) = r*b(p) - 2*n(p). What is the remainder when a(-7) is divided by 7?
5
Suppose 40*t - 304 = 21*t. What is the remainder when 42 is divided by t?
10
Let h = -1755 + 1825. Calculate the remainder when 1466 is divided by h.
66
Suppose -218 = -4*i - 2*b, -i + 3*b + 12 + 53 = 0. Calculate the remainder when 121 is divided by i.
9
Suppose 2*u - 24 = 4*w, 30 + 15 = 5*u + 5*w. Let l = -1176 + 1179. What is the remainder when u is divided by l?
1
Let a = 1 + 8. Let c(k) = -k**2 + 9*k. Let f be c(a). Suppose -5*m = -f*m - 175. What is the remainder when m is divided by 19?
16
Let w = 7 + 0. Let x be 93/33 + 8/44. Suppose -y = -x*y + 40. Calculate the remainder when y is divided by w.
6
Let i(x) = 18*x - 2. Let a be (2/(-3))/((-12)/18). What is the remainder when 46 is divided by i(a)?
14
Let s = -17 - -26. What is the remainder when 11 - (-8 + 3 + -63) is divided by s?
7
Calculate the remainder when 2/5 - 10074/(-115) is divided by 32.
24
Suppose -r = 3*r - 84. Let d be (-33)/(-2)*6/(-9). Let l = d + r. Calculate the remainder when 27 is divided by l.
7
Let f be -1*(-1)/5 + 210/75. Suppose -f*d + 3*m + 24 = 0, 5*m + 8 = -d + 10. Calculate the remainder when 34 is divided by d.
6
Let h = 1168 + -1073. What is the remainder when h is divided by 50?
45
Let d(l) = l**2 - 9*l + 12. Let b be d(10). Let z = 5 + b. Suppose -n = 2*n - z. Calculate the remainder when 15 is divided by n.
6
Suppose 1 = 2*i - 3. Suppose 2*o - 84 = -i*o. Let c = 20 + -14. What is the remainder when o is divided by c?
3
Let r(i) = 9*i - 3. Let d(z) = -z + 8. Calculate the remainder when d(-21) is divided by r(2).
14
Let c(z) = -4*z - 3. Let s(i) = i**3 + 6*i**2 + 6*i - 1. Let a be s(-5). What is the remainder when (-3)/2 + (-125)/(-2) + -1 is divided by c(a)?
18
Let m(d) = 16*d**3 + d**2 + d - 1. What is the remainder when 46 is divided by m(1)?
12
Let o(d) = -d**3 + 49*d**2 + 5*d - 229. What is the remainder when 55 is divided by o(49)?
7
Let a(m) = -29*m - 83. Calculate the remainder when 426 is divided by a(-5).
54
Let q be (-8)/(-44) + 6152/44. Let k be 1/(-4 + 564/q). Suppose 41 = 4*i - k. What is the remainder when 54 is divided by i?
16
Suppose 24*t - 17*t = 119. Suppose 0 = 3*c + 5*c - 800. What is the remainder when c is divided by t?
15
Let v be (2 + -5)/(6/(-4)). Suppose 0 = -w - v*w + 381. Suppose -3*o + w + 32 = 0. What is the remainder when o is divided by 14?
11
Let h(i) = -i**3 + 12*i**2 + 12*i + 10. Let t be h(13). Calculate the remainder when (-6)/39 - (1104/26)/t is divided by 3.
2
Suppose 3*d - 5*o = 142, 3*o = o - 10. Suppose -2*b - 3 = -7. Suppose 42 = w + b*w. Calculate the remainder when d is divided by w.
11
Let s = 79 + -71. What is the remainder when 134 is divided by (-5 + 13)*34/s?
32
Let y = -115 - -206. Suppose 17 + y = -4*u. Let l = u + 59. What is the remainder when l is divided by 11?
10
Let l = 3 - -135. Calculate the remainder when l is divided by 74.
64
Let s(t) = 3*t - 16. Let p be s(6). Suppose w = p - 0. Suppose 3*i - 34 = w. What is the remainder when i is divided by 8?
4
Let q(w) = w**2 + 6*w + 1. Let j be q(-7). What is the remainder when -3 + (-165)/(-5) - (-1 + 5) is divided by -1 + j + 0/(-2)?
5
Suppose 0 = -3*y - 12, -3 = -4*o - 2*y + 5. Suppose -o*r = 32 - 244. Calculate the remainder when r is divided by 11.
9
Let f(o) = -3*o + 12. Let h be f(-5). Let p = -8 + h. Calculate the remainder when (-2)/(-4) - (-183)/2 is divided by p.
16
Suppose 398 = -1767*g + 1768*g. What is the remainder when g is divided by 80?
78
Calculate the remainder when (-10)/(390/(-3913)) + 2/(-6) is divided by 28.
16
Let m be (-4)/14 + 333/63. Let j(z) = -z**3 + 7*z**2 - 6*z - 6. Calculate the remainder when 40 is divided by j(m).
12
Let f(h) = -11*h - 65. Let w(c) = -c**2 + 5*c - 6. Let x be w(4). Let s(u) = u**3 + 4*u**2 + 4*u + 3. Calculate the remainder when s(x) is divided by f(-6).
0
Let b = -6 + 19. Suppose x - 4*g + 595 - 848 = 0, -3*x - 2*g + 689 = 0. Calculate the remainder when x is divided by b.
12
Calculate the remainder when (0 - (-1 - -2104))/(-45 - -42) is divided by 39.
38
Let i = -4 + 275. Suppose 2*w + 2*f = 7*w - i, 0 = 5*f - 10. What is the remainder when 329 is divided by w?
54
Let m = 610 - -180. What is the remainder when m is divided by 44?
42
What is the remainder when (16/5 - 2)/(11/495) is divided by -11*2*9/(-18)?
10
Let k(r) = 2*r**2 + r - 12. Suppose -204 = -2*p - 4*p. Calculate the remainder when p is divided by k(3).
7
Let m = -51 + 76. Suppose 2*f + m = y, 3*f + 0*f = 2*y - 53. What is the remainder when 86 is divided by y?
24
Suppose -6*n + 21 = -3*n. Let c(b) = -b**2 + 14*b - 24. Calculate the remainder when 72 is divided by c(n).
22
Let r(w) = -2*w + 11. What is the remainder when 103 is divided by r(-9)?
16
Suppose 0 = -9*s - 85 + 319. Suppose -g = -0*g - 103. What is the remainder when g is divided by s?
25
What is the remainder when -11 - (-7 - 0) - -497 is divided by 38?
37
Suppose 41 + 23 = 8*h. Suppose o + 0 - 3 = 0. What is the remainder when h is divided by o?
2
Suppose 3*v - 5*y - 91 = 0, 5*v + 2*y - 135 = 7*y. Let s = 1801 - 1736. Calculate the remainder when s is divided by v.
21
Let v = 3 - 4. Let d(h) = 7*h - 3. Let i(p) = -1. Let n(f) = -2*d(f) + 4*i(f). What is the remainder when 25 is divided by n(v)?
9
Let q = -13 + 23. Suppose 4*h + 4*o - 8 = 0, 5*o + 0 = -3*h - 4. What is the remainder when q is divided by h?
3
Suppose 32*w - 34*w = -192. What is the remainder when 186 is divided by w?
90
Let y(w) = w**3 + 43*w**2 - 87*w + 143. Calculate the remainder when 32 is divided by y(-45).
0
Let b(v) = v**2 + 35*v + 32. Let x be b(-16). Let h = -174 - x. What is the remainder when h is divided by 34?
30
Suppose -2*j - 29*j + 620 = 0. What is the remainder when 274 is divided by j?
14
Suppose 85 = 21*m - 419. Calculate the remainder when 36 is divided by m.
12
Let k(j) = 15*j**3 